 + -16923. What is the thousands digit of f?
7
Suppose -541 - 2066 = -3*v. What is the units digit of v?
9
Suppose -4*j = -c + 13130, -4*c = 5*j - 34775 - 17766. What is the units digit of c?
4
Suppose 5*v - 12785 = -2*r, -4*r - 25*v = -28*v - 25557. What is the tens digit of r?
9
Suppose -19*q = 6*q - 728083 + 150483. What is the units digit of q?
4
Let c(f) = 955*f - 856. What is the units digit of c(2)?
4
Suppose -a - 5*f = -368, -2*a + f = -4*f - 721. Suppose -b + 109 = -a. What is the tens digit of b?
7
Let n(q) = 16*q**2 + 8*q + 7. Suppose 0 = -l + 5*u - 59, -4*l - 77 = 4*u + 159. Let w = l + 55. What is the units digit of n(w)?
1
What is the ten thousands digit of ((-8)/(-3))/((-1680)/(-33945660))?
5
Let b be ((3 - 0)/(6/60))/2. Suppose 0 = 4*s + b - 443. Suppose -7*f = -26 - s. What is the units digit of f?
9
Suppose -4*g - 4*d = -36, -d + 1 = -g + 6. What is the hundreds digit of 800/2*(21/6)/g?
2
Let g be 16/64 + 10762/(-8). What is the tens digit of (-2)/13 - (-196)/91 - g?
4
Let z(b) = -5055*b - 3740. What is the ten thousands digit of z(-10)?
4
Let h = 171 + -167. Suppose 15*z - h*z = 3223. What is the units digit of z?
3
Suppose 6*y - 2*y - 40250 = -2*i, 3*i - 5*y - 60375 = 0. What is the hundreds digit of (-4)/(-7 - i/(-2877))?
8
Let l(a) = -a - 15. Let p be l(-21). Suppose 0 = -p*v - 148 + 778. Suppose -d - 5*m = -v, -8 = -2*m - 2*m. What is the tens digit of d?
9
Suppose 3*t + 2*g - 47496 = 0, -67*t + 31664 = -65*t + 5*g. What is the thousands digit of t?
5
Let k(l) = -l**3 - 79*l**2 + 65*l - 1198. What is the units digit of k(-80)?
2
Suppose -38*g + 27*g + 17908 = 0. Suppose 0 = -3*s - 4*z + 4905, 0*z - z = -s + g. What is the hundreds digit of s?
6
Let n be -3 + -276*1 + -5. Let o = n - -634. What is the tens digit of o?
5
Suppose 561*c - 60156 - 55932 = 519*c. What is the hundreds digit of c?
7
Let g be -1 + 2 + -2 - 3/3. What is the hundreds digit of 0 + g + 4170/6?
6
Let r(k) = 44*k - 38. Let o be (-6)/(-10)*(-14 + 4 - -60). What is the tens digit of r(o)?
8
Let g(s) = 253*s**2 + 95*s + 78. What is the hundreds digit of g(-13)?
6
Let n(q) = q**3 + 10*q**2 - 11*q + 8. Let g be -1 - 44/(-52) - (-423)/(-39). What is the units digit of n(g)?
8
Suppose -x = p - 41620, 4*p - 125468 = -2*x + 41018. What is the thousands digit of p?
1
Suppose 2*f - 15 = -27. Let b(x) = -8*x**2 - 6*x - 2. Let n be b(f). Let r = n + 471. What is the tens digit of r?
1
Let a(c) = c**2 - 11*c + 15. Let n be a(10). Suppose -5*h - l = -8 - 4, n*l = -5*h. Suppose 1 + 62 = h*r. What is the tens digit of r?
2
Let c(n) = n**2 + 15*n - 31. Let k be c(-17). Suppose v - k*l + 69 = 551, l - 1967 = -4*v. What is the tens digit of v?
9
Suppose 131 - 151 = -2*a. Suppose a*f - 1986 = -426. What is the hundreds digit of f?
1
Let m = 11167 - 3588. What is the hundreds digit of m?
5
Suppose 5*k - 5*l = -20, -k - 2*l - 2 = -1. What is the tens digit of ((-1960)/(-32))/(k*3/(-36))?
4
Suppose 332*a - 315*a - 252757 = 109309. What is the thousands digit of a?
1
Let h = -36 - 65. Suppose 0 = -20*k - 30*k + 48*k - 300. Let d = h - k. What is the units digit of d?
9
Suppose 65 = 464*w - 451*w. Suppose w*d - 3*n = 4573, 3654 = 11*d - 7*d + 2*n. What is the tens digit of d?
1
Suppose -3*v - 2 = -4*v. Let n(s) = 24*s + 218. Let c be n(-9). Suppose 0 = -v*b + 3*x + 105, -c*x + 0*x = -b + 54. What is the tens digit of b?
4
Let n(x) = x**3 + 16*x**2 - 7*x + 10. Let g = -93 - -77. What is the units digit of n(g)?
2
What is the hundreds digit of ((1925/(-14))/1 + 9)/((-2)/100)?
4
Suppose -23 + 39 = 4*w. Suppose 2 = -d + g - 2, -w = 4*d + 2*g. What is the tens digit of 120 + d + 4*1?
2
Suppose -5263 = -j + x, 5*x + 7689 + 8106 = 3*j. What is the units digit of j?
0
Let n(m) = -12*m + 75. Let q be n(9). What is the units digit of (-10980)/q - 3/(-11)?
3
Let r(i) be the third derivative of -i**4/12 + 11*i**3/2 - 14*i**2. Let w be r(-6). Let p = w + 1. What is the units digit of p?
6
Suppose 0 = -49*f + 30*f + 30*f - 251009. What is the thousands digit of f?
2
Let q = -13 + 16. Suppose q*c - 2*c - 3 = 0. Suppose -c*d + 5*k + 13 = -0, -2*k + 19 = d. What is the units digit of d?
1
Let z(m) = 41*m**3 + 2*m**2 + 3*m - 3. Let i be z(2). Suppose -4*s + s = -i. What is the hundreds digit of s?
1
Suppose -7820 = -5*m - 2*k, 0 = -3*k - 0*k. What is the tens digit of m?
6
Suppose -3918460 = -310*l + 180*l. What is the units digit of l?
2
Let p = 953 - 115. Suppose -841*x = -p*x - 3708. What is the units digit of x?
6
Let n(w) be the third derivative of w**6/60 - w**5/20 + 13*w**4/24 + 7*w**3/6 - 22*w**2. What is the units digit of n(6)?
9
Let l(w) = -w**3 - 2*w**2 - 53*w - 40. Let i be l(-16). Suppose -2*k + 10*k = i. What is the tens digit of k?
4
Let p(r) = 164*r - 209. Suppose 307*b + 24 = 310*b. What is the hundreds digit of p(b)?
1
Suppose -3*i - 43736 = 25*i. Let q = 2917 + i. What is the tens digit of q?
5
Let v(o) = -o**3 - 16*o**2 - 47*o - 20. Let s be v(-17). Let p = s + -559. What is the hundreds digit of p?
5
What is the units digit of 1155042/238 - 4*(-1)/(-34)?
3
Let g(d) = d**2 - 9*d - 9. Let x = 27 - 12. Let r be g(x). Suppose 27 = t - r. What is the tens digit of t?
0
Suppose -8*x + 10*x = -2*h, h + 3 = 0. Suppose -x*g - 12 = 0, -223 - 1751 = -2*r + 5*g. What is the hundreds digit of r?
9
Let d(v) = v**2 - 3*v + 2. Let m be d(3). Let f(y) = y**m - 241*y**3 - 173 + 86 + 92 + 10*y - 5*y. What is the units digit of f(-1)?
2
Let u be 45/12 - 18/24. Suppose -3*l - 2*l - 259 = -2*d, 9 = -u*d. Let o = -41 - l. What is the tens digit of o?
1
Suppose -256*g = -245*g - 192258. What is the hundreds digit of g?
4
Suppose 14*c = 94621 - 17817. What is the hundreds digit of c?
4
Let n(i) = 85*i + 45*i + 1 - 6 - 8. What is the units digit of n(3)?
7
Let n be (20/(-180))/((-1)/129)*183. Suppose 4*a = 3*t - n, 4*t - 5*t + 887 = 5*a. What is the tens digit of t?
7
Let l(z) = 164*z**2 + 15*z + 57. Let a be l(-5). Suppose -74*m + 61*m + a = 0. What is the tens digit of m?
1
What is the ten thousands digit of 380/133*(16023 + 14)?
4
Let x = -12 + 17. Let r = 818 + -813. Suppose o + 3*z = -4*o + 376, x*z - 380 = -r*o. What is the units digit of o?
4
Let v(x) = 6937*x**2 + 8*x + 7. Let m be v(-1). Suppose -3*d = 5*d - m. What is the tens digit of d?
6
Suppose 3 = -5*d - z + 24, -2*d = z - 9. What is the tens digit of (5 - (-1073)/d) + 6/8?
7
Let g(r) = 29 + 6*r**2 + 7*r**2 - 21*r - r**3 + 7*r**3 - 5*r**3. Let j(y) = 3*y**3 + 2*y**2 - 4*y - 6. Let q be j(-2). What is the tens digit of g(q)?
2
Suppose 0 = -6*v + 29 + 25. Suppose -v*h + 15*h = 6426. What is the tens digit of h?
7
Let s = -477 - -475. What is the units digit of (45/s)/(8/(-17 - -1))?
5
Suppose 3*d + 312 = 5*k, 2*k + 2*d = -d + 108. Let r = 473 - 477. What is the tens digit of (24/(-18))/(r/k)?
2
Suppose 3*r = 5*q - 858, -7*q + 346 = -5*q - 4*r. Suppose 2*v - 139 - q = 0. What is the hundreds digit of v?
1
Suppose -4*h = 5*r + 45, -12*r + 7*r + 2*h - 15 = 0. What is the units digit of 2434/(3 - 6 - r)?
7
Let l = 38 + 194. Let w be (-225)/(-6)*(-40)/15. Let j = w + l. What is the tens digit of j?
3
Let m(t) = -t**3 + 23*t**2 + 17*t - 4. Let g be m(20). Let j = -945 + g. What is the hundreds digit of j?
5
Let l(i) = -429*i + 2438. What is the hundreds digit of l(-16)?
3
Suppose 0 = -d - 4*h + 10531, 2*d + 2*h - 5549 = 15483. What is the hundreds digit of d?
5
Let a(m) = 30*m**2 + 12*m + 122. What is the units digit of a(16)?
4
Suppose -2*q + v + 599 = q, v = 4. Let y = 254 - 394. Let f = q + y. What is the units digit of f?
1
Suppose 7*o = 8981 + 3556. Let h = -1240 + o. What is the tens digit of h?
5
Let t = -57 - -62. Suppose -5*k - 4 = -k + 5*p, k + t*p = -16. Suppose -4*j = -5*q + 219, q + k*q - 227 = 2*j. What is the units digit of q?
7
Let i(s) = 2*s**2 - s + 2. Let p be i(2). Suppose 9*a + 107 - p = 0. What is the units digit of 14*1*a/(-2)?
7
Let o(z) = z**2 - 10*z. Let y be o(10). Suppose y = 7*s - 606 - 136. What is the tens digit of s?
0
Let m(p) = -2*p + 35. Let c be m(-1). Suppose c*i - 9072 = 25*i. What is the tens digit of i?
5
What is the units digit of -557 + 578 - 32476/(-2)?
9
Let b(j) = 397*j + 747. What is the thousands digit of b(20)?
8
Let v(a) = a**3 - 4*a**2 + 10*a + 12. Let o be v(5). Suppose -6*x + o + 1437 =